s 2602 prime?
False
Is 103209 prime?
False
Is 416333 prime?
True
Is 7941 a prime number?
False
Is 56255 a composite number?
True
Is 21961 composite?
False
Is 895 prime?
False
Is 8485 composite?
True
Is 9249 a prime number?
False
Is 493 a prime number?
False
Is 573 a composite number?
True
Is 15661 prime?
True
Is 32689 prime?
False
Is 509263 a prime number?
True
Is 3671 a composite number?
False
Is 21541 a prime number?
False
Is 310313 composite?
False
Is 472339 a prime number?
False
Is 236233 a prime number?
False
Is 148609 composite?
False
Is 4028693 a composite number?
False
Is 19181 composite?
False
Is 18623 a composite number?
True
Is 45659 prime?
True
Is 1715131 composite?
True
Is 361763 a prime number?
True
Is 1320499 a composite number?
True
Is 8101 composite?
False
Is 724013 prime?
False
Is 221243 a prime number?
False
Is 1509 a composite number?
True
Is 6611 a composite number?
True
Is 54437 composite?
False
Is 5353 a prime number?
False
Is 151531 a prime number?
True
Is 323977 composite?
True
Is 64994 composite?
True
Is 912167 prime?
True
Is 38939 a prime number?
False
Is 6029 prime?
True
Is 166063 prime?
True
Is 879485 composite?
True
Is 25777 prime?
False
Is 5987 a prime number?
True
Is 441563 a prime number?
True
Is 86957 a prime number?
False
Is 50359 a composite number?
False
Is 268811 composite?
False
Is 249007 composite?
True
Is 746861 composite?
True
Is 84377 composite?
False
Is 67091 prime?
False
Is 44947 a prime number?
False
Is 33403 prime?
True
Is 137589 a composite number?
True
Is 69623 a composite number?
False
Is 7907 composite?
False
Is 14909 a prime number?
False
Is 131203 a composite number?
False
Is 392303 prime?
False
Is 7171 composite?
True
Is 104971 a composite number?
False
Is 19031 a composite number?
False
Is 3989 a prime number?
True
Is 595621 prime?
False
Is 17891 a prime number?
True
Is 66829 composite?
True
Is 17707 composite?
False
Is 59537 a composite number?
True
Is 48301 a composite number?
True
Is 381113 composite?
True
Is 42947 a composite number?
True
Is 321 prime?
False
Is 23703 a composite number?
True
Is 162859 composite?
False
Is 1949 composite?
False
Is 269167 composite?
False
Is 58541 composite?
True
Is 406373 a composite number?
True
Is 4703 a prime number?
True
Is 2079839 a prime number?
True
Is 53017 a prime number?
True
Is 21787 prime?
True
Is 72859 prime?
True
Is 8663 prime?
True
Is 1450327 composite?
True
Is 213103 a composite number?
True
Is 2153 a prime number?
True
Is 1136623 a composite number?
False
Is 5387 composite?
False
Is 92029 a prime number?
False
Is 949061 a composite number?
True
Is 56761 a composite number?
True
Is 134989 prime?
True
Is 1169 a prime number?
False
Is 62117 a composite number?
True
Is 41617 a composite number?
False
Is 61771 a prime number?
False
Is 753 a prime number?
False
Is 5779 a prime number?
True
Is 1593821 prime?
True
Is 4846 a prime number?
False
Is 1335851 composite?
True
Is 164767 a composite number?
False
Is 11131 a prime number?
True
Is 24257 prime?
False
Is 263381 composite?
True
Is 2961767 a composite number?
True
Is 87337 prime?
True
Is 281989 composite?
False
Is 8278 a composite number?
True
Is 500081 a composite number?
True
Is 2094203 prime?
True
Is 7343 a composite number?
True
Is 86743 a composite number?
False
Is 307 a composite number?
False
Is 3899 prime?
False
Is 1907441 a composite number?
False
Is 4535 a composite number?
True
Is 50621 composite?
True
Is 144219 a composite number?
True
Is 50821 prime?
True
Is 1001869 a prime number?
False
Is 887 composite?
False
Is 7144591 composite?
False
Is 1201 composite?
False
Is 9031 a composite number?
True
Is 121741 a prime number?
False
Is 3803 composite?
False
Is 1901 a prime number?
True
Is 86854 a composite number?
True
Is 10097 a prime number?
False
Is 5127 a composite number?
True
Is 119257 a prime number?
False
Is 11143 a prime number?
False
Is 33997 a composite number?
False
Is 310397 a prime number?
True
Is 191011 a prime number?
False
Is 469979 composite?
False
Is 27299 a prime number?
True
Is 164777 a prime number?
False
Is 533361 prime?
False
Is 54903 a composite number?
True
Is 374069 a composite number?
False
Is 8819 prime?
True
Is 18839 prime?
True
Is 2333 prime?
True
Is 799 a prime number?
False
Is 1061 a composite number?
False
Is 5482 prime?
False
Is 685777 prime?
False
Is 3883 a prime number?
False
Is 49303 a prime number?
False
Is 719 prime?
True
Is 160861 prime?
True
Is 1049567 composite?
True
Is 43049 composite?
False
Is 920701 a composite number?
False
Is 717274 a composite number?
True
Is 258499 a composite number?
False
Is 15567 a composite number?
True
Is 100715 prime?
False
Is 2437 a composite number?
False
Is 13971 a prime number?
False
Is 12007 a prime number?
True
Is 301933 a composite number?
False
Is 39673 a prime number?
False
Is 7499 composite?
False
Is 1813699 a composite number?
False
Is 10294 composite?
True
Is 30017 a composite number?
True
Is 23113 composite?
True
Is 10133 composite?
False
Is 145066 a prime number?
False
Is 328037 a composite number?
False
Is 9641 a prime number?
False
Is 7819 composite?
True
Is 1257227 a composite number?
True
Is 1998691 composite?
False
Is 87037 a composite number?
False
Is 2791417 a composite number?
True
Is 623 prime?
False
Is 14863 prime?
False
Is 1619 a prime number?
True
Is 41269 composite?
False
Is 113537 prime?
True
Is 9127 a composite number?
False
Is 302801 a composite number?
False
Is 326443 composite?
True
Is 18719 composite?
False
Is 11579 prime?
True
Is 85641 a prime number?
False
Is 1187 composite?
False
Is 66085 prime?
False
Is 319 composite?
True
Is 39857 composite?
False
Is 10259 a composite number?
False
Is 31829 a composite number?
True
Is 1704389 prime?
False
Is 106883 composite?
True
Is 4721 composite?
False
Is 1036349 a prime number?
True
Is 917923 composite?
False
Is 101485 prime?
False
Is 16273 a composite number?
False
Is 17569 prime?
True
Is 1039381 prime?
False
Is 3379 composite?
True
Is 22991 a prime number?
False
Is 68173 a prime number?
False
Is 12898 prime?
False
Is 26033 a prime number?
False
Is 6841 a prime number?
True
Is 2999 a prime number?
True
Is 139857 a prime number?
False
Is 44159 a prime number?
True
Is 199049 composite?
False
Is 9221 composite?
False
Is 90065 composite?
True
Is 4399557 composite?
True
Is 30029 prime?
True
Is 59263 a prime number?
True
Is 169429 a composite number?
True
Is 6737 composite?
False
Is 113111 a composite number?
False
Is 12269 composite?
False
Is 24047 a prime number?
False
Is 3719 a composite number?
False
Is 14533 a prime number?
True
Is 213253 composite?
False
Is 5147 composite?
False
Is 3802 prime?
False
Is 38251 composite?
True
Is 2140205 a composite number?
True
Is 388823 prime?
True
Is 3259 a prime number?
True
Is 5617 a prime number?
False
Is 1366 prime?
False
Is 2769191 composite?
True
Is 330355 a composite number?
True
Is 1008497 a prime number?
False
Is 211522 prime?
False
Is 28553 composite?
True
Is 631 prime?
True
Is 134171 a prime number?
True
Is 7895 a prime number?
False
Is 888287 prime?
True
Is 69539 prime?
True
Is 19109 prime?
False
Is 4171 a prime number?
False
Is 47599 a prime number?
True
Is 3403 a prime number?
False
Is 58013 prime?
True
Is 3781097 a composite number?
True
Is 106089 a composite number?
True
Is 2336353 composite?
False
Is 64951 prime?
True
Is 19289 composite?
False
Is 1151 composite?
False
Is 32869 a composite number?
False
Is 55009 prime?
True
Is 11789 composite?
False
Is 29641 a composite number?
False
Is 87293 a composite number?
False
Is 10421 a prime number?
False
Is 242551 a prime number?
True
Is 505 a composite number?
True
Is 1361 a prime number?
True
Is 21211 prime?
True
Is 46849 a composite number?
True
Is 2133773 a composite number?
False
Is 16729 a prime number?
True
Is 78341 a prime number?
True
Is 27179 prime?
True
Is 134033 a prime number?
True
Is 43379 composite?
True
Is 427751 prime?
True
Is 5087 a composite number?
False
Is 129263 prime?
True
Is 1009 a prime number?
True
Is 4889 a composite number?
False
Is 74174 prime?
False
Is 43601 composite?
True
Is 82421 composite?
False
Is 29819 prime?
True
Is 10049 composite?
True
Is 715979 a composite number?
True
Is 105661 a composite number?
Tr